{"id":79,"date":"2015-08-25T14:22:03","date_gmt":"2015-08-25T14:22:03","guid":{"rendered":"http:\/\/www.residenciallafontaine.com.br\/site\/?page_id=79"},"modified":"2016-05-12T17:47:33","modified_gmt":"2016-05-12T17:47:33","slug":"localizacao-hotel-la-fontaine-ipatinga-2","status":"publish","type":"page","link":"https:\/\/www.hotellafontaine.com.br\/site\/localizacao-hotel-la-fontaine-ipatinga-2\/","title":{"rendered":"Localiza\u00e7\u00e3o do Hotel"},"content":{"rendered":"<h2>Localiza\u00e7\u00e3o privilegiada no bairro Cidade Nobre<\/h2>\n<p><iframe style=\"border: 0;\" src=\"https:\/\/www.google.com\/maps\/embed?pb=!1m18!1m12!1m3!1d4024.0943248576023!2d-42.5579207602538!3d-19.462071112667186!2m3!1f0!2f0!3f0!3m2!1i1024!2i768!4f13.1!3m3!1m2!1s0x0000000000000000%3A0xa9ebe5903abb7b59!2sHOTEL+LAFONTAINE!5e0!3m2!1spt-BR!2sbr!4v1440512558715\" width=\"100%\" height=\"350\" frameborder=\"0\" allowfullscreen=\"allowfullscreen\"><\/iframe><br \/>\n<a href=\"https:\/\/www.google.com\/maps\/embed?pb=!1m18!1m12!1m3!1d4024.0943248576023!2d-42.5579207602538!3d-19.462071112667186!2m3!1f0!2f0!3f0!3m2!1i1024!2i768!4f13.1!3m3!1m2!1s0x0000000000000000%3A0xa9ebe5903abb7b59!2sHOTEL+LAFONTAINE!5e0!3m2!1spt-BR!2sbr!4v1440512558715\">Clique aqui para ver o mapa ampliado<\/a>.<\/p>\n<p>O Hotel La Fontaine tem sua localiza\u00e7\u00e3o\u00a0em uma das melhores \u00e1reas de Ipatinga, o bairro Cidade Nobre, pr\u00f3ximo \u00e0 \u00e1rea comercial onde voc\u00ea poder\u00e1 encontrar bancos, lojas de roupas, acess\u00f3rios, cal\u00e7ados e brinquedos, al\u00e9m de uma grande variedade de bares, lanchonetes e restaurantes. Tudo isso para que sua viagem tenha a comodidade e a praticidade do seu dia-a-dia.<\/p>\n<p><strong>Endere\u00e7o:<\/strong><br \/>\nRua Jo\u00e3o Monlevade, 495 &#8211; Cidade Nobre<br \/>\nIpatinga &#8211; Minas Gerais &#8211; Cep: 35.162-378<\/p>\n<p><strong>Dist\u00e2ncias:<\/strong><\/p>\n<ul>\n<li><strong>Centro de Ipatinga:<\/strong>\u00a04,1 km (6 minutos)<\/li>\n<li><strong>Shopping:<\/strong>\u00a05,6 km (8 minutos)<\/li>\n<li><strong>Aeroporto de Ipatinga:<\/strong>\u00a010,2 km (14 minutos)<\/li>\n<li><strong>Rodovi\u00e1ria:<\/strong>\u00a04,7 km (8 minutos)<\/li>\n<li><strong>Esta\u00e7\u00e3o Ferrovi\u00e1ria:<\/strong> 4 km (6 minutos)<\/li>\n<\/ul>\n","protected":false},"excerpt":{"rendered":"<p>Localiza\u00e7\u00e3o privilegiada no bairro Cidade Nobre Clique aqui para ver o mapa ampliado. O Hotel La Fontaine tem sua localiza\u00e7\u00e3o\u00a0em uma das melhores \u00e1reas de Ipatinga, o bairro Cidade Nobre, pr\u00f3ximo \u00e0 \u00e1rea comercial onde voc\u00ea poder\u00e1 encontrar bancos, lojas de roupas, acess\u00f3rios, cal\u00e7ados e brinquedos, al\u00e9m de uma grande variedade de bares, lanchonetes e<\/p>\n","protected":false},"author":1,"featured_media":0,"parent":0,"menu_order":0,"comment_status":"closed","ping_status":"closed","template":"","meta":[],"_links":{"self":[{"href":"https:\/\/www.hotellafontaine.com.br\/site\/wp-json\/wp\/v2\/pages\/79"}],"collection":[{"href":"https:\/\/www.hotellafontaine.com.br\/site\/wp-json\/wp\/v2\/pages"}],"about":[{"href":"https:\/\/www.hotellafontaine.com.br\/site\/wp-json\/wp\/v2\/types\/page"}],"author":[{"embeddable":true,"href":"https:\/\/www.hotellafontaine.com.br\/site\/wp-json\/wp\/v2\/users\/1"}],"replies":[{"embeddable":true,"href":"https:\/\/www.hotellafontaine.com.br\/site\/wp-json\/wp\/v2\/comments?post=79"}],"version-history":[{"count":16,"href":"https:\/\/www.hotellafontaine.com.br\/site\/wp-json\/wp\/v2\/pages\/79\/revisions"}],"predecessor-version":[{"id":731,"href":"https:\/\/www.hotellafontaine.com.br\/site\/wp-json\/wp\/v2\/pages\/79\/revisions\/731"}],"wp:attachment":[{"href":"https:\/\/www.hotellafontaine.com.br\/site\/wp-json\/wp\/v2\/media?parent=79"}],"curies":[{"name":"wp","href":"https:\/\/api.w.org\/{rel}","templated":true}]}}